{"id":1825,"date":"2017-12-30T09:26:31","date_gmt":"2017-12-30T08:26:31","guid":{"rendered":"http:\/\/www.grenobleurl.fr\/sport\/annuaire-professionnel\/1825\/?post_type=wpbdp_listing&#038;p=1825"},"modified":"2017-12-30T09:26:31","modified_gmt":"2017-12-30T08:26:31","slug":"karate-nord-isere","status":"publish","type":"wpbdp_listing","link":"https:\/\/www.grenobleurl.fr\/sport\/annuaire-du-sport-en-isere\/1825\/karate-nord-isere\/","title":{"rendered":"Karat\u00e9 Nord-Is\u00e8re"},"content":{"rendered":"<p>Venez nous rejoindre !<\/p>\n<p>Nous prenons les enfants \u00e0 partir de 4 ans, pour plus d&rsquo;informations<br \/>\nallez sur le site : karate-nordisere.com ou sur notre page Facebook<\/p>\n<p class=\"font_7\">G\u00e9rard Comte, professeur dipl\u00f4m\u00e9 d\u2019\u00e9tat, fut un v\u00e9ritable pionnier dans la r\u00e9gion en cr\u00e9ant son premier club en 1968 \u00e0 St Quentin-Fallavier, suivront Heyrieux et St Laurent-de-Mure en 1970 puis Bourgoin, St Clair de la Tour en 1972 ou encore Villefontaine en 1973&#8230;<\/p>\n","protected":false},"excerpt":{"rendered":"<p>Venez nous rejoindre ! Nous prenons les enfants \u00e0 partir de 4 ans, pour plus d&rsquo;informations allez sur le site : karate-nordisere.com ou sur notre page Facebook G\u00e9rard Comte, professeur dipl\u00f4m\u00e9 d\u2019\u00e9tat, fut un v\u00e9ritable pionnier dans la r\u00e9gion en cr\u00e9ant son premier club en 1968 \u00e0 St Quentin-Fallavier, suivront Heyrieux et St Laurent-de-Mure en &hellip; <\/p>\n<p><a class=\"more-link btn\" href=\"https:\/\/www.grenobleurl.fr\/sport\/annuaire-du-sport-en-isere\/1825\/karate-nord-isere\/\">Lire la suite<\/a><\/p>\n","protected":false},"author":1,"featured_media":0,"comment_status":"open","ping_status":"closed","template":"","meta":[],"wpbdp_category":[85],"wpbdp_tag":[],"class_list":["post-1825","wpbdp_listing","type-wpbdp_listing","status-publish","hentry","wpbdp_category-karate","nodate","item-wrap"],"yoast_head":"<!-- This site is optimized with the Yoast SEO plugin v27.3 - https:\/\/yoast.com\/product\/yoast-seo-wordpress\/ -->\n<title>Karat\u00e9 Nord-Is\u00e8re - Is\u00e8re-sport<\/title>\n<meta name=\"robots\" content=\"index, follow, max-snippet:-1, max-image-preview:large, max-video-preview:-1\" \/>\n<link rel=\"canonical\" href=\"https:\/\/www.grenobleurl.fr\/sport\/annuaire-du-sport-en-isere\/1825\/karate-nord-isere\/\" \/>\n<meta property=\"og:locale\" content=\"fr_FR\" \/>\n<meta property=\"og:type\" content=\"article\" \/>\n<meta property=\"og:title\" content=\"Karat\u00e9 Nord-Is\u00e8re - Is\u00e8re-sport\" \/>\n<meta property=\"og:description\" content=\"Venez nous rejoindre ! Nous prenons les enfants \u00e0 partir de 4 ans, pour plus d&rsquo;informations allez sur le site : karate-nordisere.com ou sur notre page Facebook G\u00e9rard Comte, professeur dipl\u00f4m\u00e9 d\u2019\u00e9tat, fut un v\u00e9ritable pionnier dans la r\u00e9gion en cr\u00e9ant son premier club en 1968 \u00e0 St Quentin-Fallavier, suivront Heyrieux et St Laurent-de-Mure en &hellip; Lire la suite\" \/>\n<meta property=\"og:url\" content=\"https:\/\/www.grenobleurl.fr\/sport\/annuaire-du-sport-en-isere\/1825\/karate-nord-isere\/\" \/>\n<meta property=\"og:site_name\" content=\"Is\u00e8re-sport\" \/>\n<meta property=\"article:publisher\" content=\"https:\/\/www.facebook.com\/portail.grenobleurl\" \/>\n<meta name=\"twitter:card\" content=\"summary_large_image\" \/>\n<script type=\"application\/ld+json\" class=\"yoast-schema-graph\">{\"@context\":\"https:\\\/\\\/schema.org\",\"@graph\":[{\"@type\":\"WebPage\",\"@id\":\"https:\\\/\\\/www.grenobleurl.fr\\\/sport\\\/annuaire-du-sport-en-isere\\\/1825\\\/karate-nord-isere\\\/\",\"url\":\"https:\\\/\\\/www.grenobleurl.fr\\\/sport\\\/annuaire-du-sport-en-isere\\\/1825\\\/karate-nord-isere\\\/\",\"name\":\"Karat\u00e9 Nord-Is\u00e8re - Is\u00e8re-sport\",\"isPartOf\":{\"@id\":\"https:\\\/\\\/www.grenobleurl.fr\\\/sport\\\/#website\"},\"datePublished\":\"2017-12-30T08:26:31+00:00\",\"breadcrumb\":{\"@id\":\"https:\\\/\\\/www.grenobleurl.fr\\\/sport\\\/annuaire-du-sport-en-isere\\\/1825\\\/karate-nord-isere\\\/#breadcrumb\"},\"inLanguage\":\"fr-FR\",\"potentialAction\":[{\"@type\":\"ReadAction\",\"target\":[\"https:\\\/\\\/www.grenobleurl.fr\\\/sport\\\/annuaire-du-sport-en-isere\\\/1825\\\/karate-nord-isere\\\/\"]}]},{\"@type\":\"BreadcrumbList\",\"@id\":\"https:\\\/\\\/www.grenobleurl.fr\\\/sport\\\/annuaire-du-sport-en-isere\\\/1825\\\/karate-nord-isere\\\/#breadcrumb\",\"itemListElement\":[{\"@type\":\"ListItem\",\"position\":1,\"name\":\"Accueil\",\"item\":\"https:\\\/\\\/www.grenobleurl.fr\\\/sport\\\/\"},{\"@type\":\"ListItem\",\"position\":2,\"name\":\"Karat\u00e9 Nord-Is\u00e8re\"}]},{\"@type\":\"WebSite\",\"@id\":\"https:\\\/\\\/www.grenobleurl.fr\\\/sport\\\/#website\",\"url\":\"https:\\\/\\\/www.grenobleurl.fr\\\/sport\\\/\",\"name\":\"Is\u00e8re-sport\",\"description\":\"annuaire du sport en Is\u00e8re\",\"publisher\":{\"@id\":\"https:\\\/\\\/www.grenobleurl.fr\\\/sport\\\/#\\\/schema\\\/person\\\/7e8a239b8ffd9a25c4a5b9ab38d5add9\"},\"potentialAction\":[{\"@type\":\"SearchAction\",\"target\":{\"@type\":\"EntryPoint\",\"urlTemplate\":\"https:\\\/\\\/www.grenobleurl.fr\\\/sport\\\/?s={search_term_string}\"},\"query-input\":{\"@type\":\"PropertyValueSpecification\",\"valueRequired\":true,\"valueName\":\"search_term_string\"}}],\"inLanguage\":\"fr-FR\"},{\"@type\":[\"Person\",\"Organization\"],\"@id\":\"https:\\\/\\\/www.grenobleurl.fr\\\/sport\\\/#\\\/schema\\\/person\\\/7e8a239b8ffd9a25c4a5b9ab38d5add9\",\"name\":\"administrateur\",\"image\":{\"@type\":\"ImageObject\",\"inLanguage\":\"fr-FR\",\"@id\":\"https:\\\/\\\/secure.gravatar.com\\\/avatar\\\/d0fc7d68e15c7c456cf6f1b9b774d54a7a9e6452d8deac23b3f1ef133710d3d3?s=96&d=mm&r=g\",\"url\":\"https:\\\/\\\/secure.gravatar.com\\\/avatar\\\/d0fc7d68e15c7c456cf6f1b9b774d54a7a9e6452d8deac23b3f1ef133710d3d3?s=96&d=mm&r=g\",\"contentUrl\":\"https:\\\/\\\/secure.gravatar.com\\\/avatar\\\/d0fc7d68e15c7c456cf6f1b9b774d54a7a9e6452d8deac23b3f1ef133710d3d3?s=96&d=mm&r=g\",\"caption\":\"administrateur\"},\"logo\":{\"@id\":\"https:\\\/\\\/secure.gravatar.com\\\/avatar\\\/d0fc7d68e15c7c456cf6f1b9b774d54a7a9e6452d8deac23b3f1ef133710d3d3?s=96&d=mm&r=g\"},\"sameAs\":[\"https:\\\/\\\/www.facebook.com\\\/portail.grenobleurl\"]}]}<\/script>\n<!-- \/ Yoast SEO plugin. -->","yoast_head_json":{"title":"Karat\u00e9 Nord-Is\u00e8re - Is\u00e8re-sport","robots":{"index":"index","follow":"follow","max-snippet":"max-snippet:-1","max-image-preview":"max-image-preview:large","max-video-preview":"max-video-preview:-1"},"canonical":"https:\/\/www.grenobleurl.fr\/sport\/annuaire-du-sport-en-isere\/1825\/karate-nord-isere\/","og_locale":"fr_FR","og_type":"article","og_title":"Karat\u00e9 Nord-Is\u00e8re - Is\u00e8re-sport","og_description":"Venez nous rejoindre ! Nous prenons les enfants \u00e0 partir de 4 ans, pour plus d&rsquo;informations allez sur le site : karate-nordisere.com ou sur notre page Facebook G\u00e9rard Comte, professeur dipl\u00f4m\u00e9 d\u2019\u00e9tat, fut un v\u00e9ritable pionnier dans la r\u00e9gion en cr\u00e9ant son premier club en 1968 \u00e0 St Quentin-Fallavier, suivront Heyrieux et St Laurent-de-Mure en &hellip; Lire la suite","og_url":"https:\/\/www.grenobleurl.fr\/sport\/annuaire-du-sport-en-isere\/1825\/karate-nord-isere\/","og_site_name":"Is\u00e8re-sport","article_publisher":"https:\/\/www.facebook.com\/portail.grenobleurl","twitter_card":"summary_large_image","schema":{"@context":"https:\/\/schema.org","@graph":[{"@type":"WebPage","@id":"https:\/\/www.grenobleurl.fr\/sport\/annuaire-du-sport-en-isere\/1825\/karate-nord-isere\/","url":"https:\/\/www.grenobleurl.fr\/sport\/annuaire-du-sport-en-isere\/1825\/karate-nord-isere\/","name":"Karat\u00e9 Nord-Is\u00e8re - Is\u00e8re-sport","isPartOf":{"@id":"https:\/\/www.grenobleurl.fr\/sport\/#website"},"datePublished":"2017-12-30T08:26:31+00:00","breadcrumb":{"@id":"https:\/\/www.grenobleurl.fr\/sport\/annuaire-du-sport-en-isere\/1825\/karate-nord-isere\/#breadcrumb"},"inLanguage":"fr-FR","potentialAction":[{"@type":"ReadAction","target":["https:\/\/www.grenobleurl.fr\/sport\/annuaire-du-sport-en-isere\/1825\/karate-nord-isere\/"]}]},{"@type":"BreadcrumbList","@id":"https:\/\/www.grenobleurl.fr\/sport\/annuaire-du-sport-en-isere\/1825\/karate-nord-isere\/#breadcrumb","itemListElement":[{"@type":"ListItem","position":1,"name":"Accueil","item":"https:\/\/www.grenobleurl.fr\/sport\/"},{"@type":"ListItem","position":2,"name":"Karat\u00e9 Nord-Is\u00e8re"}]},{"@type":"WebSite","@id":"https:\/\/www.grenobleurl.fr\/sport\/#website","url":"https:\/\/www.grenobleurl.fr\/sport\/","name":"Is\u00e8re-sport","description":"annuaire du sport en Is\u00e8re","publisher":{"@id":"https:\/\/www.grenobleurl.fr\/sport\/#\/schema\/person\/7e8a239b8ffd9a25c4a5b9ab38d5add9"},"potentialAction":[{"@type":"SearchAction","target":{"@type":"EntryPoint","urlTemplate":"https:\/\/www.grenobleurl.fr\/sport\/?s={search_term_string}"},"query-input":{"@type":"PropertyValueSpecification","valueRequired":true,"valueName":"search_term_string"}}],"inLanguage":"fr-FR"},{"@type":["Person","Organization"],"@id":"https:\/\/www.grenobleurl.fr\/sport\/#\/schema\/person\/7e8a239b8ffd9a25c4a5b9ab38d5add9","name":"administrateur","image":{"@type":"ImageObject","inLanguage":"fr-FR","@id":"https:\/\/secure.gravatar.com\/avatar\/d0fc7d68e15c7c456cf6f1b9b774d54a7a9e6452d8deac23b3f1ef133710d3d3?s=96&d=mm&r=g","url":"https:\/\/secure.gravatar.com\/avatar\/d0fc7d68e15c7c456cf6f1b9b774d54a7a9e6452d8deac23b3f1ef133710d3d3?s=96&d=mm&r=g","contentUrl":"https:\/\/secure.gravatar.com\/avatar\/d0fc7d68e15c7c456cf6f1b9b774d54a7a9e6452d8deac23b3f1ef133710d3d3?s=96&d=mm&r=g","caption":"administrateur"},"logo":{"@id":"https:\/\/secure.gravatar.com\/avatar\/d0fc7d68e15c7c456cf6f1b9b774d54a7a9e6452d8deac23b3f1ef133710d3d3?s=96&d=mm&r=g"},"sameAs":["https:\/\/www.facebook.com\/portail.grenobleurl"]}]}},"_links":{"self":[{"href":"https:\/\/www.grenobleurl.fr\/sport\/wp-json\/wp\/v2\/wpbdp_listing\/1825","targetHints":{"allow":["GET"]}}],"collection":[{"href":"https:\/\/www.grenobleurl.fr\/sport\/wp-json\/wp\/v2\/wpbdp_listing"}],"about":[{"href":"https:\/\/www.grenobleurl.fr\/sport\/wp-json\/wp\/v2\/types\/wpbdp_listing"}],"author":[{"embeddable":true,"href":"https:\/\/www.grenobleurl.fr\/sport\/wp-json\/wp\/v2\/users\/1"}],"replies":[{"embeddable":true,"href":"https:\/\/www.grenobleurl.fr\/sport\/wp-json\/wp\/v2\/comments?post=1825"}],"wp:attachment":[{"href":"https:\/\/www.grenobleurl.fr\/sport\/wp-json\/wp\/v2\/media?parent=1825"}],"wp:term":[{"taxonomy":"wpbdp_category","embeddable":true,"href":"https:\/\/www.grenobleurl.fr\/sport\/wp-json\/wp\/v2\/wpbdp_category?post=1825"},{"taxonomy":"wpbdp_tag","embeddable":true,"href":"https:\/\/www.grenobleurl.fr\/sport\/wp-json\/wp\/v2\/wpbdp_tag?post=1825"}],"curies":[{"name":"wp","href":"https:\/\/api.w.org\/{rel}","templated":true}]}}

Karaté Nord-Isère

<p>Venez nous rejoindre !</p>
<p>Nous prenons les enfants à partir de 4 ans, pour plus d&rsquo;informations<br />
allez sur le site : karate-nordisere.com ou sur notre page Facebook</p>
<p class="font_7">Gérard Comte, professeur diplômé d’état, fut un véritable pionnier dans la région en créant son premier club en 1968 à St Quentin-Fallavier, suivront Heyrieux et St Laurent-de-Mure en 1970 puis Bourgoin, St Clair de la Tour en 1972 ou encore Villefontaine en 1973&#8230;</p>

<p>Venez nous rejoindre ! Nous prenons les enfants à partir de 4 ans, pour plus d&rsquo;informations allez sur le site : karate-nordisere.com ou sur notre page Facebook Gérard Comte, professeur diplômé d’état, fut un véritable pionnier dans la région en créant son premier club en 1968 à St Quentin-Fallavier, suivront Heyrieux et St Laurent-de-Mure en &hellip; </p>
<p><a class="more-link btn" href="https://www.grenobleurl.fr/sport/annuaire-du-sport-en-isere/1825/karate-nord-isere/">Lire la suite</a></p>

<!-- This site is optimized with the Yoast SEO plugin v27.3 - https://yoast.com/product/yoast-seo-wordpress/ -->
<title>Karaté Nord-Isère - Isère-sport</title>
<meta name="robots" content="index, follow, max-snippet:-1, max-image-preview:large, max-video-preview:-1" />
<link rel="canonical" href="https://www.grenobleurl.fr/sport/annuaire-du-sport-en-isere/1825/karate-nord-isere/" />
<meta property="og:locale" content="fr_FR" />
<meta property="og:type" content="article" />
<meta property="og:title" content="Karaté Nord-Isère - Isère-sport" />
<meta property="og:description" content="Venez nous rejoindre ! Nous prenons les enfants à partir de 4 ans, pour plus d&rsquo;informations allez sur le site : karate-nordisere.com ou sur notre page Facebook Gérard Comte, professeur diplômé d’état, fut un véritable pionnier dans la région en créant son premier club en 1968 à St Quentin-Fallavier, suivront Heyrieux et St Laurent-de-Mure en &hellip; Lire la suite" />
<meta property="og:url" content="https://www.grenobleurl.fr/sport/annuaire-du-sport-en-isere/1825/karate-nord-isere/" />
<meta property="og:site_name" content="Isère-sport" />
<meta property="article:publisher" content="https://www.facebook.com/portail.grenobleurl" />
<meta name="twitter:card" content="summary_large_image" />
<script type="application/ld+json" class="yoast-schema-graph">{"@context":"https:\/\/schema.org","@graph":[{"@type":"WebPage","@id":"https:\/\/www.grenobleurl.fr\/sport\/annuaire-du-sport-en-isere\/1825\/karate-nord-isere\/","url":"https:\/\/www.grenobleurl.fr\/sport\/annuaire-du-sport-en-isere\/1825\/karate-nord-isere\/","name":"Karaté Nord-Isère - Isère-sport","isPartOf":{"@id":"https:\/\/www.grenobleurl.fr\/sport\/#website"},"datePublished":"2017-12-30T08:26:31+00:00","breadcrumb":{"@id":"https:\/\/www.grenobleurl.fr\/sport\/annuaire-du-sport-en-isere\/1825\/karate-nord-isere\/#breadcrumb"},"inLanguage":"fr-FR","potentialAction":[{"@type":"ReadAction","target":["https:\/\/www.grenobleurl.fr\/sport\/annuaire-du-sport-en-isere\/1825\/karate-nord-isere\/"]}]},{"@type":"BreadcrumbList","@id":"https:\/\/www.grenobleurl.fr\/sport\/annuaire-du-sport-en-isere\/1825\/karate-nord-isere\/#breadcrumb","itemListElement":[{"@type":"ListItem","position":1,"name":"Accueil","item":"https:\/\/www.grenobleurl.fr\/sport\/"},{"@type":"ListItem","position":2,"name":"Karaté Nord-Isère"}]},{"@type":"WebSite","@id":"https:\/\/www.grenobleurl.fr\/sport\/#website","url":"https:\/\/www.grenobleurl.fr\/sport\/","name":"Isère-sport","description":"annuaire du sport en Isère","publisher":{"@id":"https:\/\/www.grenobleurl.fr\/sport\/#\/schema\/person\/7e8a239b8ffd9a25c4a5b9ab38d5add9"},"potentialAction":[{"@type":"SearchAction","target":{"@type":"EntryPoint","urlTemplate":"https:\/\/www.grenobleurl.fr\/sport\/?s={search_term_string}"},"query-input":{"@type":"PropertyValueSpecification","valueRequired":true,"valueName":"search_term_string"}}],"inLanguage":"fr-FR"},{"@type":["Person","Organization"],"@id":"https:\/\/www.grenobleurl.fr\/sport\/#\/schema\/person\/7e8a239b8ffd9a25c4a5b9ab38d5add9","name":"administrateur","image":{"@type":"ImageObject","inLanguage":"fr-FR","@id":"https:\/\/secure.gravatar.com\/avatar\/d0fc7d68e15c7c456cf6f1b9b774d54a7a9e6452d8deac23b3f1ef133710d3d3?s=96&d=mm&r=g","url":"https:\/\/secure.gravatar.com\/avatar\/d0fc7d68e15c7c456cf6f1b9b774d54a7a9e6452d8deac23b3f1ef133710d3d3?s=96&d=mm&r=g","contentUrl":"https:\/\/secure.gravatar.com\/avatar\/d0fc7d68e15c7c456cf6f1b9b774d54a7a9e6452d8deac23b3f1ef133710d3d3?s=96&d=mm&r=g","caption":"administrateur"},"logo":{"@id":"https:\/\/secure.gravatar.com\/avatar\/d0fc7d68e15c7c456cf6f1b9b774d54a7a9e6452d8deac23b3f1ef133710d3d3?s=96&d=mm&r=g"},"sameAs":["https:\/\/www.facebook.com\/portail.grenobleurl"]}]}</script>
<!-- / Yoast SEO plugin. -->

Karaté Nord-Isère - Isère-sport

Venez nous rejoindre ! Nous prenons les enfants à partir de 4 ans, pour plus d&rsquo;informations allez sur le site : karate-nordisere.com ou sur notre page Facebook Gérard Comte, professeur diplômé d’état, fut un véritable pionnier dans la région en créant son premier club en 1968 à St Quentin-Fallavier, suivront Heyrieux et St Laurent-de-Mure en &hellip; Lire la suite

Isère-sport

annuaire du sport en Isère
